
Let b(t) = -228*t - 31342. Calculate b(-141).
806
Let l(j) = -j**2 + 78*j + 447. Calculate l(71).
944
Let d(t) = -17*t**2 + 955*t - 13093. Give d(24).
35
Let q(m) = m**3 - 14*m**2 + 36*m - 125. What is q(16)?
963
Let u(k) = 1915*k - 155313. Determine u(82).
1717
Let a(x) = 3*x**2 - 324*x - 1381. Give a(105).
-2326
Let i(t) = t**2 - 1412*t - 24539. What is i(-17)?
-246
Let y(x) = -x**3 - 284*x**2 - 229*x + 15199. What is y(-283)?
-83
Let t(b) = b**3 - 133*b**2 + 3998*b + 347. What is t(87)?
-1
Let k(r) = 123*r**2 + 4086*r + 927. Determine k(-33).
36
Let r(i) = 29*i**2 + 17277*i - 4167. What is r(-596)?
5
Let g(w) = 118796*w - 2019613. Calculate g(17).
-81
Let g(q) = -5859*q + 13072. Determine g(3).
-4505
Let f(d) = -2352*d - 272613. Give f(-116).
219
Let k(n) = -37878*n - 757899. Determine k(-20).
-339
Let j(a) = 567*a - 48672. Calculate j(86).
90
Let i(z) = 62424*z - 249687. Give i(4).
9
Let v(w) = -8405*w - 672412. What is v(-80)?
-12
Let s(l) = -4*l**3 + 2603*l**2 - 1952*l + 1286. Give s(650).
-14
Let w(z) = 55*z**3 + 574*z**2 + 205*z - 318. Calculate w(-10).
32
Let v(y) = y**3 - 104*y**2 + 778*y + 1629. Give v(10).
9
Let v(w) = 29261*w + 29253. Give v(-1).
-8
Let m(i) = 14*i**2 + 19030*i + 57082. What is m(-3)?
118
Let l(c) = 12*c**2 - 4405*c - 8970. Calculate l(369).
-483
Let v(i) = i**2 - 8696*i - 490178. Give v(-56).
-66
Let a(n) = 8419*n + 2508868. Give a(-298).
6
Let j(s) = -96*s**2 - 752*s + 4779. Give j(-12).
-21
Let r(t) = 2*t**3 + 1575*t**2 + 182815*t - 1940. Determine r(-646).
-2
Let y(j) = -j**3 + 29*j**2 + 134*j + 15. Calculate y(33).
81
Let s(h) = 3*h**2 + 66*h - 153. Calculate s(-24).
-9
Let o(g) = 2*g**2 - 10016*g - 20046. Determine o(-2).
-6
Let k(a) = a**3 - 595*a**2 + 1192*a + 345768. What is k(592)?
40
Let a(i) = -200*i**3 + 28*i**2 + 47*i + 19. Determine a(-1).
200
Let b(m) = 8*m**2 - 31627*m + 157925. Determine b(5).
-10
Let w(z) = 363533*z + 38170963. Give w(-105).
-2
Let r(i) = -199*i**2 + 487*i - 228. Determine r(2).
-50
Let l(r) = -r**2 - 12358*r + 74232. What is l(6)?
48
Let r(v) = 8*v**3 - 253*v**2 + 500*v + 8. Calculate r(2).
60
Let r(l) = 14*l - 1055. Give r(53).
-313
Let i(u) = 3*u**3 - 987*u**2 - 987*u - 1058. Calculate i(330).
-68
Let v(w) = 196*w - 6860. What is v(31)?
-784
Let l(q) = 13*q**3 + 57*q**2 + 175*q + 4. Calculate l(-3).
-359
Let f(w) = w**2 + 8055*w - 104885. What is f(13)?
-1
Let g(u) = 2*u**3 - 76*u**2 - 195*u + 21. Give g(40).
-1379
Let i(m) = -132*m**3 - 3*m**2 - 116*m + 240. Give i(2).
-1060
Let y(o) = -o**2 - 104*o + 5578. Determine y(-143).
1
Let n(y) = -95*y + 10451. Calculate n(109).
96
Let d(p) = 8*p**2 + 1478*p + 12631. Determine d(-9).
-23
Let g(a) = 1373*a - 240278. Give g(175).
-3
Let g(b) = 12*b**3 - 1549*b**2 + 183*b - 6967. What is g(129)?
-1
Let k(g) = 277*g - 18378. Calculate k(66).
-96
Let d(w) = -15908*w + 15465. Give d(1).
-443
Let o(q) = 877*q - 8693. Give o(11).
954
Let j(b) = -b**2 - 25*b + 323. Calculate j(10).
-27
Let t(h) = h**3 + 7*h**2 - 5396*h + 29378. What is t(67)?
32
Let y(z) = z**3 - z**2 + 1508*z + 6129. Calculate y(-4).
17
Let k(g) = -g**3 + 49*g**2 + 348*g - 16343. What is k(50)?
-1443
Let q(g) = -g**2 - 1637*g - 244169. Determine q(-166).
17
Let p(z) = -2*z**3 - 29*z**2 + 66*z + 334. What is p(4)?
6
Let n(w) = 8*w**2 - 7277*w - 189794. Determine n(935).
11
Let l(v) = -2419*v + 50628. What is l(20)?
2248
Let u(b) = -b**3 + 16*b**2 + 661*b + 8. Give u(-19).
84
Let b(a) = a**3 - 288*a**2 + 4370*a - 392. Determine b(272).
4504
Let q(h) = -22*h**3 + 989*h**2 + 49*h - 177. Determine q(45).
3
Let c(y) = -y**2 - 253*y - 9045. Give c(-43).
-15
Let r(t) = t**3 - 183*t**2 + 3117*t - 348. Calculate r(164).
-184
Let d(i) = i**2 + 64*i - 2042. Calculate d(-81).
-665
Let g(j) = j + 1945. Calculate g(-59).
1886
Let i(r) = -4849*r + 3253718. Determine i(671).
39
Let g(p) = -2*p**2 + 2893*p - 551628. Give g(226).
38
Let m(q) = -106*q**2 + 424*q + 22. Calculate m(2).
446
Let l(m) = 1081*m + 15253. Calculate l(-14).
119
Let j(v) = -81*v**3 + 217*v + 217. What is j(-1)?
81
Let q(d) = -d**2 - 25422*d + 203462. Calculate q(8).
22
Let f(h) = -4*h**3 + 15*h**2 - 144*h + 427. What is f(3)?
22
Let c(i) = -i**2 - 629*i + 12326. Give c(19).
14
Let z(d) = -2*d**3 - 43*d**2 + 106*d + 1703. Give z(-22).
-145
Let z(w) = -4376*w - 1676213. Calculate z(-383).
-205
Let k(p) = -27284*p - 2319208. Calculate k(-85).
-68
Let o(c) = -267964*c + 7234985. What is o(27)?
-43
Let r(p) = p**3 - 3*p**2 - 23*p - 22. Determine r(3).
-91
Let b(l) = -7*l**3 + 247*l**2 - 120*l + 4. What is b(35)?
-1746
Let b(m) = 16621*m - 199456. Calculate b(12).
-4
Let t(q) = q**2 + 2628*q + 15763. Determine t(-6).
31
Let a(q) = -1353*q - 9421. Calculate a(-7).
50
Let r(q) = -306*q + 25677. Calculate r(92).
-2475
Let x(p) = -3*p**3 - 2905*p**2 + 26391*p - 26. Give x(9).
1
Let f(l) = -1937*l + 67796. Calculate f(35).
1
Let b(s) = -9*s**2 + 347*s - 1046. What is b(35)?
74
Let q(k) = k**2 - 345*k + 10006. Calculate q(314).
272
Let b(l) = -l**3 + 11*l**2 + 405*l - 846. Give b(2).
0
Let t(c) = -24*c**3 - 6745*c**2 - 285*c - 1082. Give t(-281).
42
Let d(n) = -1880*n - 475636. What is d(-253)?
4
Let l(u) = -u**3 + 6*u**2 - 237*u - 1149. Calculate l(-4).
-41
Let f(i) = 2673*i - 38634. Calculate f(14).
-1212
Let l(s) = -4*s**2 + 12027*s - 3170828. Determine l(292).
0
Let i(o) = 88*o - 948. Determine i(21).
900
Let p(t) = -11*t**2 + 82*t - 1553. What is p(14)?
-2561
Let m(o) = o**3 - 80*o**2 + 412*o - 2596. Give m(75).
179
Let f(j) = -j**2 + 858*j - 20055. Determine f(24).
-39
Let o(r) = -1342*r + 94134. Calculate o(70).
194
Let r(d) = 756*d - 86053. Calculate r(115).
887
Let a(x) = 295*x - 23430. Give a(80).
170
Let r(h) = -2*h**3 + 125*h**2 + 72*h - 167. What is r(63)?
400
Let g(u) = u**3 - 15*u**2 + 948*u - 7682. Determine g(9).
364
Let y(b) = -6*b**3 + 127*b**2 + 11*b + 106. What is y(21)?
778
Let b(t) = t**2 - 467*t + 35339. What is b(95)?
-1
Let k(y) = -98*y**2 - 526*y - 341. Determine k(-5).
-161
Let h(m) = 142378*m - 142388. What is h(1)?
-10
Let v(t) = 966*t + 739958. Determine v(-766).
2
Let f(u) = 40516*u + 364694. Give f(-9).
50
Let h(c) = c**3 + 162*c**2 - 511*c + 7. What is h(3)?
-41
Let c(x) = -145*x - 9789. Give c(-61).
-944
Let h(z) = 12796*z - 882924. Calculate h(69).
0
Let u(p) = 29*p**2 - 17172*p + 17166. Give u(1).
23
Let y(x) = 51*x**3 - 168*x**2 - 8*x + 71. Calculate y(3).
-88
Let g(l) = -6*l**3 + 25*l**2 - 382*l + 906. Determine g(3).
-177
Let a(i) = i**2 + 58*i + 1473. Give a(-56).
1361
Let a(w) = -8*w**3 - 13182*w**2 + 270216*w - 18. Give a(-1668).
-18
Let z(f) = -36*f**2 + 8281*f + 33646. Calculate z(-4).
-54
Let a(w) = -2*w**3 + 53*w**2 + 282*w - 1. Give a(-8).
2159
Let m(n) = 954*n**2 - 313868*n + 650. Give m(329).
-8
Let j(s) = 97631*s - 1073961. Determine j(11).
-20
Let l(h) = -h**3 - 71*h**2 - 653*h - 2652. Give l(-61).
-29
Let m(y) = 1916*y + 34631. Calculate m(-18).
143
Let q(d) = d**2 - 4212*d - 63468. Give q(-15).
-63
Let b(m) = -m**3 + 30*m**2 - 101*m - 1115. Calculate b(25).
-515
Let a(h) = 9*h**2 - 4294*h - 8681. What is a(479)?
-538
Let j(b) = -4*b**3 + 168*b**2 - 444*b + 266. Calculate j(39).
1202
Let p(t) = t**3 - 18*t**2 + 40*t + 253. Determine p(11).
-154
Let v(t) = 292*t - 33924. Calculate v(116).
-52
Let c(f) = 6*f**2 + 148*f - 2813. Determine c(13).
125
Let x(d) = -393*d + 25. What is x(3)?
-1154
Let m(f) = -2*f**3 + 14*f**2 + 7*f - 49. Determine m(0).
-49
Let y(q) = -q**2 + 196*q - 8735. What is y(128)?
-31
Let b(s) = s**2 + 735*s - 71594. Determine b(87).
-80
Let t(g) = 4*g**3 + 5454*g**2 - 2632*g + 130939. Calculate t(-1364).
-5
Let w(s) = s**2 - 32298*s + 5142070. Give w(160).
-10
Let a(g) = g**3 + 197*g**2 + 9465*g - 3030. Determine a(-113).
21
Let g(k) = -k**3 - 65*k**2 + 387*k - 2769. Determine g(-71).
0
Let f(r) = 1743*r**2 - 5293*r - 12. Give f(3).
-204
Let u(g) = 6*g**3 - 79*g**2 + 136*g - 601. Determine u(12).
23
Let x(r) = -217*r**2 - 1706*r - 2418. Give x(-6).
6
Let r(s) = s**2 - 12227*s + 1668284. Give r(138).
2
Let b(k) = -54*k**2 - 766*k - 64. What is b(-14)?
76
Let z(v) = -2*v**2 + 95*v + 569. Calculate z(53).
-14
Let y(t) = -4*t**3 - 551*t**2 + 9926*t - 1374. What is y(16)?
2
Let v(d) = 161*d**3 - 805*d**2 + 41*d - 195. Give v(5).
10
Let s(b) = -b**3 + 10*b**2 - 2